{"id":421,"date":"2022-01-19T13:34:18","date_gmt":"2022-01-19T12:34:18","guid":{"rendered":"https:\/\/www.oratio.it\/new_oratio.it\/?page_id=421"},"modified":"2024-05-27T17:14:05","modified_gmt":"2024-05-27T15:14:05","slug":"logistica-e-magazzino","status":"publish","type":"page","link":"https:\/\/www.oratio.it\/index.php\/logistica-e-magazzino\/","title":{"rendered":"Logistica e magazzino"},"content":{"rendered":"\n<p class=\"has-text-align-left\">La flessibilit\u00e0 della Gestione Magazzino \u00e8 ottenuta grazie alla possibilit\u00e0 di generare automaticamente i movimenti di magazzino quando derivano dall&#8217;emissione dei documenti di vendita\/acquisto (Ddt, fatture) o da evasione di ordini di produzione. A seguito di qualsiasi operazione effettuata all&#8217;interno dell&#8217;azienda, vi \u00e8 inoltre la possibilit\u00e0 di registrare manualmente i movimenti di magazzino.<br>Grazie ad una procedura molto semplice di gestione degli articoli a magazzino, \u00e8 possibile controllare la disponibilit\u00e0 degli articoli ordinati. Tale procedura \u00e8 anch&#8217;essa attuata automaticamente al momento dell&#8217;emissione dell&#8217;ordine. L&#8217;aggiornamento delle giacenze avviene contestualmente alla rilevazione del movimento di magazzino.<\/p>\n\n\n<div class=\"wp-block-image is-resized\">\n<figure class=\"aligncenter size-full\"><img loading=\"lazy\" decoding=\"async\" width=\"1168\" height=\"725\" src=\"https:\/\/www.oratio.it\/wp-content\/uploads\/2022\/01\/mag.png\" alt=\"\" class=\"wp-image-804\"\/><\/figure>\n<\/div>\n\n<div class=\"wp-block-image is-resized\">\n<figure class=\"aligncenter size-full\"><img loading=\"lazy\" decoding=\"async\" width=\"992\" height=\"396\" src=\"https:\/\/www.oratio.it\/wp-content\/uploads\/2022\/01\/stampe-magazzino-8.png\" alt=\"\" class=\"wp-image-748\"\/><\/figure>\n<\/div>\n\n\n<blockquote class=\"wp-block-quote is-layout-flow wp-block-quote-is-layout-flow\">\n<p><strong><em>Movimenti di magazzino<\/em><\/strong> automatici&nbsp;generati dai documenti di trasporto in entrata e in uscita o da documenti specifici creati per una gestione pi\u00f9 puntuale del flusso di movimentazione merci.<\/p>\n<\/blockquote>\n\n\n\n<blockquote class=\"wp-block-quote is-layout-flow wp-block-quote-is-layout-flow\">\n<p><strong><em>Gestione lotti&nbsp;<\/em><\/strong>e relativa tracciabilit\u00e0: movimentazione, scadenza, fornitore e cliente di riferimento.<\/p>\n<\/blockquote>\n\n\n\n<blockquote class=\"wp-block-quote is-layout-flow wp-block-quote-is-layout-flow\">\n<p><em><strong>Giacenze di magazzino<\/strong> <\/em>in tempo reale, inventario con valorizzazione giacenze<\/p>\n<\/blockquote>\n\n\n\n<div class=\"wp-block-columns is-layout-flex wp-container-core-columns-is-layout-9d6595d7 wp-block-columns-is-layout-flex\">\n<div class=\"wp-block-column is-layout-flow wp-block-column-is-layout-flow\" style=\"flex-basis:100%\">\n<div class=\"wp-block-columns is-layout-flex wp-container-core-columns-is-layout-9d6595d7 wp-block-columns-is-layout-flex\">\n<div class=\"wp-block-column has-text-color is-layout-flow wp-block-column-is-layout-flow\" style=\"color:#01287d\">\n<h6><a href=\"https:\/\/www.oratio.it\/index.php\/flusso-vendite\/\"><em><strong><img loading=\"lazy\" decoding=\"async\" class=\"alignnone  wp-image-462\" src=\"https:\/\/www.oratio.it\/wp-content\/uploads\/2022\/01\/ar.png\" alt=\"\" width=\"45\" height=\"45\" \/>VENDITE<\/strong><\/em><\/a><\/h6>\n<\/div>\n\n\n\n<div class=\"wp-block-column is-vertically-aligned-center is-layout-flow wp-block-column-is-layout-flow\">\n<h6><strong><a href=\"https:\/\/www.oratio.it\/index.php\/gestione-acquisti\/\" data-wplink-edit=\"true\"><em><img loading=\"lazy\" decoding=\"async\" class=\"alignnone wp-image-474 \" src=\"https:\/\/www.oratio.it\/wp-content\/uploads\/2022\/01\/ap.png\" alt=\"\" width=\"45\" height=\"45\" \/>ACQUISTI<\/em><\/a><\/strong><\/h6>\n<\/div>\n\n\n\n<div class=\"wp-block-column has-text-color is-layout-flow wp-block-column-is-layout-flow\" style=\"color:#01287d\">\n<h6><strong><a href=\"https:\/\/www.oratio.it\/index.php\/logistica-e-magazzino\/\"><img loading=\"lazy\" decoding=\"async\" class=\"alignnone wp-image-492 \" src=\"https:\/\/www.oratio.it\/wp-content\/uploads\/2022\/01\/Magazzino.png\" alt=\"\" width=\"45\" height=\"45\" \/><\/a><a href=\"https:\/\/www.oratio.it\/index.php\/logistica-e-magazzino\/\"><em>LOGISTICA E MAGAZZINO<\/em><\/a><\/strong><\/h6>\n<\/div>\n<\/div>\n\n\n\n<div class=\"wp-block-columns is-layout-flex wp-container-core-columns-is-layout-9d6595d7 wp-block-columns-is-layout-flex\">\n<div class=\"wp-block-column is-layout-flow wp-block-column-is-layout-flow\">\n<h6><em><strong><a href=\"https:\/\/www.oratio.it\/index.php\/amministrazione\/\"><img loading=\"lazy\" decoding=\"async\" class=\"alignnone wp-image-456 \" src=\"https:\/\/www.oratio.it\/wp-content\/uploads\/2022\/01\/finance.png\" alt=\"\" width=\"45\" height=\"45\" \/><\/a><a href=\"http:\/\/oratio.it\/index.php\/amministrazione\">AMMINISTRAZIONE<\/a><\/strong><\/em><\/h6>\n<\/div>\n\n\n\n<div class=\"wp-block-column is-layout-flow wp-block-column-is-layout-flow\">\n<h6><strong><a href=\"https:\/\/www.oratio.it\/index.php\/gestione-fiscale\/\"><img loading=\"lazy\" decoding=\"async\" class=\"alignnone wp-image-482 \" src=\"https:\/\/www.oratio.it\/wp-content\/uploads\/2022\/01\/fiscal.png\" alt=\"\" width=\"45\" height=\"45\" \/><\/a><a href=\"https:\/\/www.oratio.it\/index.php\/gestione-fiscale\/\"><em>GESTIONE FISCALE<\/em><\/a><\/strong><\/h6>\n<\/div>\n\n\n\n<div class=\"wp-block-column is-layout-flow wp-block-column-is-layout-flow\">\n<h6><a href=\"https:\/\/www.oratio.it\/index.php\/controllo-di-gestione-e-di-commessa\/\"><img loading=\"lazy\" decoding=\"async\" class=\"alignnone wp-image-477 \" src=\"https:\/\/www.oratio.it\/wp-content\/uploads\/2022\/01\/controllo_gest.png\" alt=\"\" width=\"45\" height=\"45\" \/><\/a><em><strong><a href=\"https:\/\/www.oratio.it\/index.php\/controllo-di-gestione\/\">CONTROLLO DI GESTIONE E DI COMMESSA<\/a><\/strong><\/em><\/h6>\n<\/div>\n<\/div>\n<\/div>\n<\/div>\n","protected":false},"excerpt":{"rendered":"<p>La flessibilit\u00e0 della Gestione Magazzino \u00e8 ottenuta grazie alla possibilit\u00e0 di generare automaticamente i movimenti di magazzino quando derivano dall&#8217;emissione dei documenti di vendita\/acquisto (Ddt, fatture) o da evasione di ordini di produzione. A seguito di qualsiasi operazione effettuata all&#8217;interno dell&#8217;azienda, vi \u00e8 inoltre la possibilit\u00e0 di registrare manualmente i movimenti di magazzino.Grazie ad una [&hellip;]<\/p>\n","protected":false},"author":2,"featured_media":0,"parent":0,"menu_order":0,"comment_status":"closed","ping_status":"closed","template":"","meta":{"footnotes":""},"class_list":["post-421","page","type-page","status-publish","hentry"],"yoast_head":"<!-- This site is optimized with the Yoast SEO plugin v26.8 - https:\/\/yoast.com\/product\/yoast-seo-wordpress\/ -->\n<title>Logistica e magazzino - Oratio - Il Gestionale per le PMI<\/title>\n<meta name=\"description\" content=\"Gestisci e traccia le movimentazioni di magazzino generate automaticamente dai documenti. Tracciabilit\u00e0 lotti e controllo giacenze\" \/>\n<meta name=\"robots\" content=\"index, follow, max-snippet:-1, max-image-preview:large, max-video-preview:-1\" \/>\n<link rel=\"canonical\" href=\"https:\/\/www.oratio.it\/index.php\/logistica-e-magazzino\/\" \/>\n<meta property=\"og:locale\" content=\"it_IT\" \/>\n<meta property=\"og:type\" content=\"article\" \/>\n<meta property=\"og:title\" content=\"Logistica e magazzino - Oratio - Il Gestionale per le PMI\" \/>\n<meta property=\"og:description\" content=\"Gestisci e traccia le movimentazioni di magazzino generate automaticamente dai documenti. Tracciabilit\u00e0 lotti e controllo giacenze\" \/>\n<meta property=\"og:url\" content=\"https:\/\/www.oratio.it\/index.php\/logistica-e-magazzino\/\" \/>\n<meta property=\"og:site_name\" content=\"Oratio - Il Gestionale per le PMI\" \/>\n<meta property=\"article:modified_time\" content=\"2024-05-27T15:14:05+00:00\" \/>\n<meta property=\"og:image\" content=\"https:\/\/www.oratio.it\/wp-content\/uploads\/2022\/01\/mag.png\" \/>\n<meta name=\"twitter:card\" content=\"summary_large_image\" \/>\n<meta name=\"twitter:label1\" content=\"Tempo di lettura stimato\" \/>\n\t<meta name=\"twitter:data1\" content=\"1 minuto\" \/>\n<script type=\"application\/ld+json\" class=\"yoast-schema-graph\">{\"@context\":\"https:\/\/schema.org\",\"@graph\":[{\"@type\":\"WebPage\",\"@id\":\"https:\/\/www.oratio.it\/index.php\/logistica-e-magazzino\/\",\"url\":\"https:\/\/www.oratio.it\/index.php\/logistica-e-magazzino\/\",\"name\":\"Logistica e magazzino - Oratio - Il Gestionale per le PMI\",\"isPartOf\":{\"@id\":\"https:\/\/www.oratio.it\/#website\"},\"primaryImageOfPage\":{\"@id\":\"https:\/\/www.oratio.it\/index.php\/logistica-e-magazzino\/#primaryimage\"},\"image\":{\"@id\":\"https:\/\/www.oratio.it\/index.php\/logistica-e-magazzino\/#primaryimage\"},\"thumbnailUrl\":\"https:\/\/www.oratio.it\/wp-content\/uploads\/2022\/01\/mag.png\",\"datePublished\":\"2022-01-19T12:34:18+00:00\",\"dateModified\":\"2024-05-27T15:14:05+00:00\",\"description\":\"Gestisci e traccia le movimentazioni di magazzino generate automaticamente dai documenti. Tracciabilit\u00e0 lotti e controllo giacenze\",\"breadcrumb\":{\"@id\":\"https:\/\/www.oratio.it\/index.php\/logistica-e-magazzino\/#breadcrumb\"},\"inLanguage\":\"it-IT\",\"potentialAction\":[{\"@type\":\"ReadAction\",\"target\":[\"https:\/\/www.oratio.it\/index.php\/logistica-e-magazzino\/\"]}]},{\"@type\":\"ImageObject\",\"inLanguage\":\"it-IT\",\"@id\":\"https:\/\/www.oratio.it\/index.php\/logistica-e-magazzino\/#primaryimage\",\"url\":\"https:\/\/www.oratio.it\/wp-content\/uploads\/2022\/01\/mag.png\",\"contentUrl\":\"https:\/\/www.oratio.it\/wp-content\/uploads\/2022\/01\/mag.png\"},{\"@type\":\"BreadcrumbList\",\"@id\":\"https:\/\/www.oratio.it\/index.php\/logistica-e-magazzino\/#breadcrumb\",\"itemListElement\":[{\"@type\":\"ListItem\",\"position\":1,\"name\":\"Home\",\"item\":\"https:\/\/www.oratio.it\/\"},{\"@type\":\"ListItem\",\"position\":2,\"name\":\"Logistica e magazzino\"}]},{\"@type\":\"WebSite\",\"@id\":\"https:\/\/www.oratio.it\/#website\",\"url\":\"https:\/\/www.oratio.it\/\",\"name\":\"Oratio - Il Gestionale per le PMI\",\"description\":\"\",\"publisher\":{\"@id\":\"https:\/\/www.oratio.it\/#organization\"},\"alternateName\":\"Gestionale aziendale open source\",\"potentialAction\":[{\"@type\":\"SearchAction\",\"target\":{\"@type\":\"EntryPoint\",\"urlTemplate\":\"https:\/\/www.oratio.it\/?s={search_term_string}\"},\"query-input\":{\"@type\":\"PropertyValueSpecification\",\"valueRequired\":true,\"valueName\":\"search_term_string\"}}],\"inLanguage\":\"it-IT\"},{\"@type\":\"Organization\",\"@id\":\"https:\/\/www.oratio.it\/#organization\",\"name\":\"Oratio.org\",\"url\":\"https:\/\/www.oratio.it\/\",\"logo\":{\"@type\":\"ImageObject\",\"inLanguage\":\"it-IT\",\"@id\":\"https:\/\/www.oratio.it\/#\/schema\/logo\/image\/\",\"url\":\"https:\/\/www.oratio.it\/wp-content\/uploads\/2021\/12\/Oratio.jpg\",\"contentUrl\":\"https:\/\/www.oratio.it\/wp-content\/uploads\/2021\/12\/Oratio.jpg\",\"width\":232,\"height\":75,\"caption\":\"Oratio.org\"},\"image\":{\"@id\":\"https:\/\/www.oratio.it\/#\/schema\/logo\/image\/\"}}]}<\/script>\n<!-- \/ Yoast SEO plugin. -->","yoast_head_json":{"title":"Logistica e magazzino - Oratio - Il Gestionale per le PMI","description":"Gestisci e traccia le movimentazioni di magazzino generate automaticamente dai documenti. Tracciabilit\u00e0 lotti e controllo giacenze","robots":{"index":"index","follow":"follow","max-snippet":"max-snippet:-1","max-image-preview":"max-image-preview:large","max-video-preview":"max-video-preview:-1"},"canonical":"https:\/\/www.oratio.it\/index.php\/logistica-e-magazzino\/","og_locale":"it_IT","og_type":"article","og_title":"Logistica e magazzino - Oratio - Il Gestionale per le PMI","og_description":"Gestisci e traccia le movimentazioni di magazzino generate automaticamente dai documenti. Tracciabilit\u00e0 lotti e controllo giacenze","og_url":"https:\/\/www.oratio.it\/index.php\/logistica-e-magazzino\/","og_site_name":"Oratio - Il Gestionale per le PMI","article_modified_time":"2024-05-27T15:14:05+00:00","og_image":[{"url":"https:\/\/www.oratio.it\/wp-content\/uploads\/2022\/01\/mag.png","type":"","width":"","height":""}],"twitter_card":"summary_large_image","twitter_misc":{"Tempo di lettura stimato":"1 minuto"},"schema":{"@context":"https:\/\/schema.org","@graph":[{"@type":"WebPage","@id":"https:\/\/www.oratio.it\/index.php\/logistica-e-magazzino\/","url":"https:\/\/www.oratio.it\/index.php\/logistica-e-magazzino\/","name":"Logistica e magazzino - Oratio - Il Gestionale per le PMI","isPartOf":{"@id":"https:\/\/www.oratio.it\/#website"},"primaryImageOfPage":{"@id":"https:\/\/www.oratio.it\/index.php\/logistica-e-magazzino\/#primaryimage"},"image":{"@id":"https:\/\/www.oratio.it\/index.php\/logistica-e-magazzino\/#primaryimage"},"thumbnailUrl":"https:\/\/www.oratio.it\/wp-content\/uploads\/2022\/01\/mag.png","datePublished":"2022-01-19T12:34:18+00:00","dateModified":"2024-05-27T15:14:05+00:00","description":"Gestisci e traccia le movimentazioni di magazzino generate automaticamente dai documenti. Tracciabilit\u00e0 lotti e controllo giacenze","breadcrumb":{"@id":"https:\/\/www.oratio.it\/index.php\/logistica-e-magazzino\/#breadcrumb"},"inLanguage":"it-IT","potentialAction":[{"@type":"ReadAction","target":["https:\/\/www.oratio.it\/index.php\/logistica-e-magazzino\/"]}]},{"@type":"ImageObject","inLanguage":"it-IT","@id":"https:\/\/www.oratio.it\/index.php\/logistica-e-magazzino\/#primaryimage","url":"https:\/\/www.oratio.it\/wp-content\/uploads\/2022\/01\/mag.png","contentUrl":"https:\/\/www.oratio.it\/wp-content\/uploads\/2022\/01\/mag.png"},{"@type":"BreadcrumbList","@id":"https:\/\/www.oratio.it\/index.php\/logistica-e-magazzino\/#breadcrumb","itemListElement":[{"@type":"ListItem","position":1,"name":"Home","item":"https:\/\/www.oratio.it\/"},{"@type":"ListItem","position":2,"name":"Logistica e magazzino"}]},{"@type":"WebSite","@id":"https:\/\/www.oratio.it\/#website","url":"https:\/\/www.oratio.it\/","name":"Oratio - Il Gestionale per le PMI","description":"","publisher":{"@id":"https:\/\/www.oratio.it\/#organization"},"alternateName":"Gestionale aziendale open source","potentialAction":[{"@type":"SearchAction","target":{"@type":"EntryPoint","urlTemplate":"https:\/\/www.oratio.it\/?s={search_term_string}"},"query-input":{"@type":"PropertyValueSpecification","valueRequired":true,"valueName":"search_term_string"}}],"inLanguage":"it-IT"},{"@type":"Organization","@id":"https:\/\/www.oratio.it\/#organization","name":"Oratio.org","url":"https:\/\/www.oratio.it\/","logo":{"@type":"ImageObject","inLanguage":"it-IT","@id":"https:\/\/www.oratio.it\/#\/schema\/logo\/image\/","url":"https:\/\/www.oratio.it\/wp-content\/uploads\/2021\/12\/Oratio.jpg","contentUrl":"https:\/\/www.oratio.it\/wp-content\/uploads\/2021\/12\/Oratio.jpg","width":232,"height":75,"caption":"Oratio.org"},"image":{"@id":"https:\/\/www.oratio.it\/#\/schema\/logo\/image\/"}}]}},"_links":{"self":[{"href":"https:\/\/www.oratio.it\/index.php\/wp-json\/wp\/v2\/pages\/421","targetHints":{"allow":["GET"]}}],"collection":[{"href":"https:\/\/www.oratio.it\/index.php\/wp-json\/wp\/v2\/pages"}],"about":[{"href":"https:\/\/www.oratio.it\/index.php\/wp-json\/wp\/v2\/types\/page"}],"author":[{"embeddable":true,"href":"https:\/\/www.oratio.it\/index.php\/wp-json\/wp\/v2\/users\/2"}],"replies":[{"embeddable":true,"href":"https:\/\/www.oratio.it\/index.php\/wp-json\/wp\/v2\/comments?post=421"}],"version-history":[{"count":37,"href":"https:\/\/www.oratio.it\/index.php\/wp-json\/wp\/v2\/pages\/421\/revisions"}],"predecessor-version":[{"id":1268,"href":"https:\/\/www.oratio.it\/index.php\/wp-json\/wp\/v2\/pages\/421\/revisions\/1268"}],"wp:attachment":[{"href":"https:\/\/www.oratio.it\/index.php\/wp-json\/wp\/v2\/media?parent=421"}],"curies":[{"name":"wp","href":"https:\/\/api.w.org\/{rel}","templated":true}]}}